{"id":3166,"date":"2026-03-04T11:35:34","date_gmt":"2026-03-04T15:35:34","guid":{"rendered":"https:\/\/www.fencingnb.ca\/?page_id=3166"},"modified":"2026-03-04T12:03:17","modified_gmt":"2026-03-04T16:03:17","slug":"challenge-beausoleil-broussard-2026","status":"publish","type":"page","link":"https:\/\/www.fencingnb.ca\/?page_id=3166","title":{"rendered":"Challenge Beausoleil-Broussard 2026"},"content":{"rendered":"<p>The 2026 Challenge Beausoleil-Broussard was a successful and exciting event.<\/p>\n<p>Some results were unavailable from <a href=\"https:\/\/www.fencingtimelive.com\/tournaments\/eventSchedule\/03194353A0C84600A74DD75199B8DB7B\">Fencing Time Live<\/a>, so we are listing all results here.Congratulations to all of the participants!<\/p>\n<h4>Senior Mixed \u00c9p\u00e9e<\/h4>\n<table style=\"margin: 0 auto; width: 100%; max-width: 900px; border-collapse: collapse;\">\n<tbody>\n<tr>\n<td style=\"width: 40%; vertical-align: top;\"><img loading=\"lazy\" decoding=\"async\" src=\"https:\/\/static.xx.fbcdn.net\/images\/emoji.php\/v9\/t94\/1\/16\/1f947.png\" alt=\"\ud83e\udd47\" width=\"16\" height=\"16\" \/>1st: COLLINS David<br \/>\n<img loading=\"lazy\" decoding=\"async\" src=\"https:\/\/static.xx.fbcdn.net\/images\/emoji.php\/v9\/t15\/1\/16\/1f948.png\" alt=\"\ud83e\udd48\" width=\"16\" height=\"16\" \/>2nd: ROBICHAUD Micha\u00ebl<br \/>\n<img loading=\"lazy\" decoding=\"async\" src=\"https:\/\/static.xx.fbcdn.net\/images\/emoji.php\/v9\/t96\/1\/16\/1f949.png\" alt=\"\ud83e\udd49\" width=\"16\" height=\"16\" \/>3rd: HAN Ethan<br \/>\n<img loading=\"lazy\" decoding=\"async\" src=\"https:\/\/static.xx.fbcdn.net\/images\/emoji.php\/v9\/t96\/1\/16\/1f949.png\" alt=\"\ud83e\udd49\" width=\"16\" height=\"16\" \/>3rd: WAGMAN Jacob<\/td>\n<td style=\"width: 60%; vertical-align: top;\"><a href=\"https:\/\/www.fencingnb.ca\/wp-content\/uploads\/2026\/03\/2026-Challenge-Beausoleil-Broussard-Senior-Mixed-Epee-e1772639581906.jpg\"><img loading=\"lazy\" decoding=\"async\" src=\"https:\/\/www.fencingnb.ca\/wp-content\/uploads\/2026\/03\/2026-Challenge-Beausoleil-Broussard-Senior-Mixed-Epee-e1772639581906.jpg\" alt=\"Senior Mixed \u00c9p\u00e9e Medalists\" width=\"300\" height=\"226\" \/><\/a><\/td>\n<\/tr>\n<\/tbody>\n<\/table>\n<hr \/>\n<h4>Senior Women&#8217;s \u00c9p\u00e9e<\/h4>\n<table style=\"margin: 0 auto; width: 100%; max-width: 900px; border-collapse: collapse;\">\n<tbody>\n<tr>\n<td style=\"width: 40%; vertical-align: top;\"><img loading=\"lazy\" decoding=\"async\" src=\"https:\/\/static.xx.fbcdn.net\/images\/emoji.php\/v9\/t94\/1\/16\/1f947.png\" alt=\"\ud83e\udd47\" width=\"16\" height=\"16\" \/>1st: Kateryna Krychuk<br \/>\n<img loading=\"lazy\" decoding=\"async\" src=\"https:\/\/static.xx.fbcdn.net\/images\/emoji.php\/v9\/t15\/1\/16\/1f948.png\" alt=\"\ud83e\udd48\" width=\"16\" height=\"16\" \/>2nd: \u00c9lodie Castonguay<br \/>\n<img loading=\"lazy\" decoding=\"async\" src=\"https:\/\/static.xx.fbcdn.net\/images\/emoji.php\/v9\/t96\/1\/16\/1f949.png\" alt=\"\ud83e\udd49\" width=\"16\" height=\"16\" \/>3rd: Kseniia Losyk<br \/>\n<img loading=\"lazy\" decoding=\"async\" src=\"https:\/\/static.xx.fbcdn.net\/images\/emoji.php\/v9\/t96\/1\/16\/1f949.png\" alt=\"\ud83e\udd49\" width=\"16\" height=\"16\" \/>3rd: Lyanne Chiasson<\/td>\n<td style=\"width: 60%; vertical-align: top;\"><a href=\"https:\/\/www.fencingnb.ca\/wp-content\/uploads\/2026\/03\/2026-Challenge-Beausoleil-Broussard-Senior-Womens-Epee-e1772639186584.jpg\"><img loading=\"lazy\" decoding=\"async\" src=\"https:\/\/www.fencingnb.ca\/wp-content\/uploads\/2026\/03\/2026-Challenge-Beausoleil-Broussard-Senior-Womens-Epee-e1772639186584.jpg\" alt=\"Senior Women's \u00c9p\u00e9e Medalists\" width=\"300\" height=\"226\" \/><\/a><\/td>\n<\/tr>\n<\/tbody>\n<\/table>\n<hr \/>\n<h4>Cadet Mixed \u00c9p\u00e9e<\/h4>\n<table style=\"margin: 0 auto; width: 100%; max-width: 900px; border-collapse: collapse;\">\n<tbody>\n<tr>\n<td style=\"width: 40%; vertical-align: top;\"><img loading=\"lazy\" decoding=\"async\" src=\"https:\/\/static.xx.fbcdn.net\/images\/emoji.php\/v9\/t94\/1\/16\/1f947.png\" alt=\"\ud83e\udd47\" width=\"16\" height=\"16\" \/>1st: HAN Ethan<br \/>\n<img loading=\"lazy\" decoding=\"async\" src=\"https:\/\/static.xx.fbcdn.net\/images\/emoji.php\/v9\/t15\/1\/16\/1f948.png\" alt=\"\ud83e\udd48\" width=\"16\" height=\"16\" \/>2nd: CONROY Gabe<br \/>\n<img loading=\"lazy\" decoding=\"async\" src=\"https:\/\/static.xx.fbcdn.net\/images\/emoji.php\/v9\/t96\/1\/16\/1f949.png\" alt=\"\ud83e\udd49\" width=\"16\" height=\"16\" \/>3rd: MCCLINTICK Sam<br \/>\n<img loading=\"lazy\" decoding=\"async\" src=\"https:\/\/static.xx.fbcdn.net\/images\/emoji.php\/v9\/t96\/1\/16\/1f949.png\" alt=\"\ud83e\udd49\" width=\"16\" height=\"16\" \/>3rd: MARTIN Luke<\/td>\n<td style=\"width: 60%; vertical-align: top;\"><a href=\"https:\/\/www.fencingnb.ca\/wp-content\/uploads\/2026\/03\/2026-Challenge-Beausoleil-Broussard-Cadet-Mixed-Epee.jpg\"><img loading=\"lazy\" decoding=\"async\" src=\"https:\/\/www.fencingnb.ca\/wp-content\/uploads\/2026\/03\/2026-Challenge-Beausoleil-Broussard-Cadet-Mixed-Epee.jpg\" alt=\"Cadet Mixed \u00c9p\u00e9e Medalists\" width=\"300\" height=\"226\" \/><\/a><\/td>\n<\/tr>\n<\/tbody>\n<\/table>\n<hr \/>\n<h4>U-15 Mixed \u00c9p\u00e9e<\/h4>\n<table style=\"margin: 0 auto; width: 100%; max-width: 900px; border-collapse: collapse;\">\n<tbody>\n<tr>\n<td style=\"width: 40%; vertical-align: top;\"><img loading=\"lazy\" decoding=\"async\" src=\"https:\/\/static.xx.fbcdn.net\/images\/emoji.php\/v9\/t94\/1\/16\/1f947.png\" alt=\"\ud83e\udd47\" width=\"16\" height=\"16\" \/>1st: HART Graeme<br \/>\n<img loading=\"lazy\" decoding=\"async\" src=\"https:\/\/static.xx.fbcdn.net\/images\/emoji.php\/v9\/t15\/1\/16\/1f948.png\" alt=\"\ud83e\udd48\" width=\"16\" height=\"16\" \/>2nd: MARTIN Luke<br \/>\n<img loading=\"lazy\" decoding=\"async\" src=\"https:\/\/static.xx.fbcdn.net\/images\/emoji.php\/v9\/t96\/1\/16\/1f949.png\" alt=\"\ud83e\udd49\" width=\"16\" height=\"16\" \/>3rd: HARPER Vaughn<br \/>\n<img loading=\"lazy\" decoding=\"async\" src=\"https:\/\/static.xx.fbcdn.net\/images\/emoji.php\/v9\/t96\/1\/16\/1f949.png\" alt=\"\ud83e\udd49\" width=\"16\" height=\"16\" \/>3rd: CANDY Gideon<\/td>\n<td style=\"width: 60%; vertical-align: top;\"><a href=\"https:\/\/www.fencingnb.ca\/wp-content\/uploads\/2026\/03\/2026-Challenge-Beausoleil-Broussard-U15-Mixed-Epee-e1772639714616.jpg\"><img loading=\"lazy\" decoding=\"async\" src=\"https:\/\/www.fencingnb.ca\/wp-content\/uploads\/2026\/03\/2026-Challenge-Beausoleil-Broussard-U15-Mixed-Epee-e1772639714616.jpg\" alt=\"U-15 Mixed \u00c9p\u00e9e Medalists\" width=\"300\" height=\"226\" \/><\/a><\/td>\n<\/tr>\n<\/tbody>\n<\/table>\n<hr \/>\n<h4>U-13 Men&#8217;s \u00c9p\u00e9e<\/h4>\n<table style=\"margin: 0 auto; width: 100%; max-width: 900px; border-collapse: collapse;\">\n<tbody>\n<tr>\n<td style=\"width: 40%; vertical-align: top;\"><img loading=\"lazy\" decoding=\"async\" src=\"https:\/\/static.xx.fbcdn.net\/images\/emoji.php\/v9\/t94\/1\/16\/1f947.png\" alt=\"\ud83e\udd47\" width=\"16\" height=\"16\" \/>1st: POLISHCHUK Ivan<br \/>\n<img loading=\"lazy\" decoding=\"async\" src=\"https:\/\/static.xx.fbcdn.net\/images\/emoji.php\/v9\/t15\/1\/16\/1f948.png\" alt=\"\ud83e\udd48\" width=\"16\" height=\"16\" \/>2nd: RODICHEV Yakym<br \/>\n<img loading=\"lazy\" decoding=\"async\" src=\"https:\/\/static.xx.fbcdn.net\/images\/emoji.php\/v9\/t96\/1\/16\/1f949.png\" alt=\"\ud83e\udd49\" width=\"16\" height=\"16\" \/>3rd: KICHA Yaroslav<br \/>\n<img loading=\"lazy\" decoding=\"async\" src=\"https:\/\/static.xx.fbcdn.net\/images\/emoji.php\/v9\/t96\/1\/16\/1f949.png\" alt=\"\ud83e\udd49\" width=\"16\" height=\"16\" \/>3rd: BOUIBAOUNE Sayr-Eddine<\/td>\n<td style=\"width: 60%; vertical-align: top;\"><!--\n<a href=\"#\"><img loading=\"lazy\" decoding=\"async\" src=\"#\" alt=\"U-13 Men's \u00c9p\u00e9e Medalists\" width=\"300\" height=\"226\"\/><\/a>\n--><\/td>\n<\/tr>\n<\/tbody>\n<\/table>\n<hr \/>\n<h4>U-13 Women&#8217;s \u00c9p\u00e9e<\/h4>\n<table style=\"margin: 0 auto; width: 100%; max-width: 900px; border-collapse: collapse;\">\n<tbody>\n<tr>\n<td style=\"width: 40%; vertical-align: top;\"><img loading=\"lazy\" decoding=\"async\" src=\"https:\/\/static.xx.fbcdn.net\/images\/emoji.php\/v9\/t94\/1\/16\/1f947.png\" alt=\"\ud83e\udd47\" width=\"16\" height=\"16\" \/>1st: HALE Della<br \/>\n<img loading=\"lazy\" decoding=\"async\" src=\"https:\/\/static.xx.fbcdn.net\/images\/emoji.php\/v9\/t15\/1\/16\/1f948.png\" alt=\"\ud83e\udd48\" width=\"16\" height=\"16\" \/>2nd: ABIB Ana\u00efs<br \/>\n<img loading=\"lazy\" decoding=\"async\" src=\"https:\/\/static.xx.fbcdn.net\/images\/emoji.php\/v9\/t96\/1\/16\/1f949.png\" alt=\"\ud83e\udd49\" width=\"16\" height=\"16\" \/>3rd: CORDEIRO ORLANDO Helena<br \/>\n<img loading=\"lazy\" decoding=\"async\" src=\"https:\/\/static.xx.fbcdn.net\/images\/emoji.php\/v9\/t96\/1\/16\/1f949.png\" alt=\"\ud83e\udd49\" width=\"16\" height=\"16\" \/>3rd: BEN BOUBAKER Layene<\/td>\n<td style=\"width: 60%; vertical-align: top;\"><!--\n<a href=\"#\"><img loading=\"lazy\" decoding=\"async\" src=\"#\" alt=\"U-13 Women's \u00c9p\u00e9e Medalists\" width=\"300\" height=\"226\"\/><\/a>\n--><\/td>\n<\/tr>\n<\/tbody>\n<\/table>\n<hr \/>\n","protected":false},"excerpt":{"rendered":"<p>The 2026 Challenge Beausoleil-Broussard was a successful and exciting event. Some results were unavailable from Fencing Time Live, so we are listing all results here.Congratulations to all of the participants! Senior Mixed \u00c9p\u00e9e 1st: COLLINS David 2nd: ROBICHAUD Micha\u00ebl 3rd: HAN Ethan 3rd: WAGMAN Jacob Senior Women&#8217;s \u00c9p\u00e9e 1st: Kateryna Krychuk 2nd: \u00c9lodie Castonguay 3rd: [&hellip;]<\/p>\n","protected":false},"author":12,"featured_media":0,"parent":2520,"menu_order":0,"comment_status":"closed","ping_status":"closed","template":"","meta":{"footnotes":""},"class_list":["post-3166","page","type-page","status-publish","hentry"],"_links":{"self":[{"href":"https:\/\/www.fencingnb.ca\/index.php?rest_route=\/wp\/v2\/pages\/3166","targetHints":{"allow":["GET"]}}],"collection":[{"href":"https:\/\/www.fencingnb.ca\/index.php?rest_route=\/wp\/v2\/pages"}],"about":[{"href":"https:\/\/www.fencingnb.ca\/index.php?rest_route=\/wp\/v2\/types\/page"}],"author":[{"embeddable":true,"href":"https:\/\/www.fencingnb.ca\/index.php?rest_route=\/wp\/v2\/users\/12"}],"replies":[{"embeddable":true,"href":"https:\/\/www.fencingnb.ca\/index.php?rest_route=%2Fwp%2Fv2%2Fcomments&post=3166"}],"version-history":[{"count":17,"href":"https:\/\/www.fencingnb.ca\/index.php?rest_route=\/wp\/v2\/pages\/3166\/revisions"}],"predecessor-version":[{"id":3188,"href":"https:\/\/www.fencingnb.ca\/index.php?rest_route=\/wp\/v2\/pages\/3166\/revisions\/3188"}],"up":[{"embeddable":true,"href":"https:\/\/www.fencingnb.ca\/index.php?rest_route=\/wp\/v2\/pages\/2520"}],"wp:attachment":[{"href":"https:\/\/www.fencingnb.ca\/index.php?rest_route=%2Fwp%2Fv2%2Fmedia&parent=3166"}],"curies":[{"name":"wp","href":"https:\/\/api.w.org\/{rel}","templated":true}]}}